{"id":3124,"date":"2017-07-03T07:22:02","date_gmt":"2017-07-03T07:22:02","guid":{"rendered":"http:\/\/jellywp.com\/theme\/ecliqse\/demo\/?page_id=3124"},"modified":"2024-01-26T19:06:42","modified_gmt":"2024-01-27T01:06:42","slug":"lugares-de-mexico","status":"publish","type":"page","link":"https:\/\/soclose.mx\/blog\/lugares-de-mexico\/","title":{"rendered":"Lugares de M\u00e9xico"},"content":{"rendered":"\t\t<div data-elementor-type=\"wp-page\" data-elementor-id=\"3124\" class=\"elementor elementor-3124\">\n\t\t\t\t\t\t<section class=\"elementor-section elementor-top-section elementor-element elementor-element-11adb24 elementor-section-boxed elementor-section-height-default elementor-section-height-default\" data-id=\"11adb24\" data-element_type=\"section\">\n\t\t\t\t\t\t<div class=\"elementor-container elementor-column-gap-default\">\n\t\t\t\t\t<div class=\"elementor-column elementor-col-100 elementor-top-column elementor-element elementor-element-a2ed5b0\" data-id=\"a2ed5b0\" data-element_type=\"column\">\n\t\t\t<div class=\"elementor-widget-wrap\">\n\t\t\t\t\t\t\t<\/div>\n\t\t<\/div>\n\t\t\t\t\t<\/div>\n\t\t<\/section>\n\t\t\t\t<section class=\"elementor-section elementor-top-section elementor-element elementor-element-9c27a7e elementor-section-full_width elementor-section-height-default elementor-section-height-default\" data-id=\"9c27a7e\" data-element_type=\"section\">\n\t\t\t\t\t\t<div class=\"elementor-container elementor-column-gap-default\">\n\t\t\t\t\t<div class=\"elementor-column elementor-col-100 elementor-top-column elementor-element elementor-element-d93229b\" data-id=\"d93229b\" data-element_type=\"column\">\n\t\t\t<div class=\"elementor-widget-wrap\">\n\t\t\t\t\t\t\t<\/div>\n\t\t<\/div>\n\t\t\t\t\t<\/div>\n\t\t<\/section>\n\t\t\t\t<\/div>\n\t\t","protected":false},"excerpt":{"rendered":"<p>Todos los lugares de M\u00e9xico Esto es un pueblo m\u00e1gico y la lista completa de&#8230; 3 a\u00f1os Hace Lo m\u00e1s pet friendly de la CDMX para llevarte a&#8230; 5 a\u00f1os Hace Playas v\u00edrgenes de M\u00e9xico para recibir A\u00f1o Nuevo 1 mes Hace 7 cosas que (debes) hacer en Mazunte, Oaxaca 2 a\u00f1os Hace \u00bfCu\u00e1nto cuesta quedarse en el Nido de Quetzalc\u00f3atl? 2 a\u00f1os Hace \u00bfQu\u00e9 significa la palabra Tlaxcala? 2 a\u00f1os Hace Lugares de M\u00e9xico Lugares secretos y curiosos de la CDMX para el 14 de Febrero Por Emmanuel Oviedo Soame &#8220;Mujeres de Tradici\u00f3n&#8221; milenaria en el telar de cintura<\/p>\n","protected":false},"author":1,"featured_media":0,"parent":0,"menu_order":0,"comment_status":"closed","ping_status":"closed","template":"elementor_theme","meta":{"footnotes":""},"class_list":["post-3124","page","type-page","status-publish","hentry"],"yoast_head":"<!-- This site is optimized with the Yoast SEO plugin v26.7 - https:\/\/yoast.com\/wordpress\/plugins\/seo\/ -->\n<title>Lugares de M\u00e9xico - So Close<\/title>\n<meta name=\"robots\" content=\"index, follow, max-snippet:-1, max-image-preview:large, max-video-preview:-1\" \/>\n<link rel=\"canonical\" href=\"https:\/\/soclose.mx\/blog\/lugares-de-mexico\/\" \/>\n<meta property=\"og:locale\" content=\"es_MX\" \/>\n<meta property=\"og:type\" content=\"article\" \/>\n<meta property=\"og:title\" content=\"Lugares de M\u00e9xico - So Close\" \/>\n<meta property=\"og:description\" content=\"Todos los lugares de M\u00e9xico Esto es un pueblo m\u00e1gico y la lista completa de&#8230; 3 a\u00f1os Hace Lo m\u00e1s pet friendly de la CDMX para llevarte a&#8230; 5 a\u00f1os Hace Playas v\u00edrgenes de M\u00e9xico para recibir A\u00f1o Nuevo 1 mes Hace 7 cosas que (debes) hacer en Mazunte, Oaxaca 2 a\u00f1os Hace \u00bfCu\u00e1nto cuesta quedarse en el Nido de Quetzalc\u00f3atl? 2 a\u00f1os Hace \u00bfQu\u00e9 significa la palabra Tlaxcala? 2 a\u00f1os Hace Lugares de M\u00e9xico Lugares secretos y curiosos de la CDMX para el 14 de Febrero Por Emmanuel Oviedo Soame &#8220;Mujeres de Tradici\u00f3n&#8221; milenaria en el telar de cintura\" \/>\n<meta property=\"og:url\" content=\"https:\/\/soclose.mx\/blog\/lugares-de-mexico\/\" \/>\n<meta property=\"og:site_name\" content=\"So Close\" \/>\n<meta property=\"article:modified_time\" content=\"2024-01-27T01:06:42+00:00\" \/>\n<meta name=\"twitter:card\" content=\"summary_large_image\" \/>\n<meta name=\"twitter:label1\" content=\"Tiempo de lectura\" \/>\n\t<meta name=\"twitter:data1\" content=\"5 minutos\" \/>\n<script type=\"application\/ld+json\" class=\"yoast-schema-graph\">{\"@context\":\"https:\/\/schema.org\",\"@graph\":[{\"@type\":\"WebPage\",\"@id\":\"https:\/\/soclose.mx\/blog\/lugares-de-mexico\/\",\"url\":\"https:\/\/soclose.mx\/blog\/lugares-de-mexico\/\",\"name\":\"Lugares de M\u00e9xico - So Close\",\"isPartOf\":{\"@id\":\"https:\/\/soclose.mx\/blog\/#website\"},\"datePublished\":\"2017-07-03T07:22:02+00:00\",\"dateModified\":\"2024-01-27T01:06:42+00:00\",\"breadcrumb\":{\"@id\":\"https:\/\/soclose.mx\/blog\/lugares-de-mexico\/#breadcrumb\"},\"inLanguage\":\"es\",\"potentialAction\":[{\"@type\":\"ReadAction\",\"target\":[\"https:\/\/soclose.mx\/blog\/lugares-de-mexico\/\"]}]},{\"@type\":\"BreadcrumbList\",\"@id\":\"https:\/\/soclose.mx\/blog\/lugares-de-mexico\/#breadcrumb\",\"itemListElement\":[{\"@type\":\"ListItem\",\"position\":1,\"name\":\"Inicio\",\"item\":\"https:\/\/soclose.mx\/blog\/\"},{\"@type\":\"ListItem\",\"position\":2,\"name\":\"Lugares de M\u00e9xico\"}]},{\"@type\":\"WebSite\",\"@id\":\"https:\/\/soclose.mx\/blog\/#website\",\"url\":\"https:\/\/soclose.mx\/blog\/\",\"name\":\"So Close\",\"description\":\"Hacemos contenidos de M\u00e9xico\",\"publisher\":{\"@id\":\"https:\/\/soclose.mx\/blog\/#organization\"},\"potentialAction\":[{\"@type\":\"SearchAction\",\"target\":{\"@type\":\"EntryPoint\",\"urlTemplate\":\"https:\/\/soclose.mx\/blog\/?s={search_term_string}\"},\"query-input\":{\"@type\":\"PropertyValueSpecification\",\"valueRequired\":true,\"valueName\":\"search_term_string\"}}],\"inLanguage\":\"es\"},{\"@type\":\"Organization\",\"@id\":\"https:\/\/soclose.mx\/blog\/#organization\",\"name\":\"So Close\",\"url\":\"https:\/\/soclose.mx\/blog\/\",\"logo\":{\"@type\":\"ImageObject\",\"inLanguage\":\"es\",\"@id\":\"https:\/\/soclose.mx\/blog\/#\/schema\/logo\/image\/\",\"url\":\"https:\/\/i0.wp.com\/soclose.mx\/blog\/wp-content\/uploads\/2020\/12\/LOGO_SOCLOSE_COLOR-e1608310133507.png?fit=2858%2C1264&ssl=1\",\"contentUrl\":\"https:\/\/i0.wp.com\/soclose.mx\/blog\/wp-content\/uploads\/2020\/12\/LOGO_SOCLOSE_COLOR-e1608310133507.png?fit=2858%2C1264&ssl=1\",\"width\":2858,\"height\":1264,\"caption\":\"So Close\"},\"image\":{\"@id\":\"https:\/\/soclose.mx\/blog\/#\/schema\/logo\/image\/\"}}]}<\/script>\n<!-- \/ Yoast SEO plugin. -->","yoast_head_json":{"title":"Lugares de M\u00e9xico - So Close","robots":{"index":"index","follow":"follow","max-snippet":"max-snippet:-1","max-image-preview":"max-image-preview:large","max-video-preview":"max-video-preview:-1"},"canonical":"https:\/\/soclose.mx\/blog\/lugares-de-mexico\/","og_locale":"es_MX","og_type":"article","og_title":"Lugares de M\u00e9xico - So Close","og_description":"Todos los lugares de M\u00e9xico Esto es un pueblo m\u00e1gico y la lista completa de&#8230; 3 a\u00f1os Hace Lo m\u00e1s pet friendly de la CDMX para llevarte a&#8230; 5 a\u00f1os Hace Playas v\u00edrgenes de M\u00e9xico para recibir A\u00f1o Nuevo 1 mes Hace 7 cosas que (debes) hacer en Mazunte, Oaxaca 2 a\u00f1os Hace \u00bfCu\u00e1nto cuesta quedarse en el Nido de Quetzalc\u00f3atl? 2 a\u00f1os Hace \u00bfQu\u00e9 significa la palabra Tlaxcala? 2 a\u00f1os Hace Lugares de M\u00e9xico Lugares secretos y curiosos de la CDMX para el 14 de Febrero Por Emmanuel Oviedo Soame &#8220;Mujeres de Tradici\u00f3n&#8221; milenaria en el telar de cintura","og_url":"https:\/\/soclose.mx\/blog\/lugares-de-mexico\/","og_site_name":"So Close","article_modified_time":"2024-01-27T01:06:42+00:00","twitter_card":"summary_large_image","twitter_misc":{"Tiempo de lectura":"5 minutos"},"schema":{"@context":"https:\/\/schema.org","@graph":[{"@type":"WebPage","@id":"https:\/\/soclose.mx\/blog\/lugares-de-mexico\/","url":"https:\/\/soclose.mx\/blog\/lugares-de-mexico\/","name":"Lugares de M\u00e9xico - So Close","isPartOf":{"@id":"https:\/\/soclose.mx\/blog\/#website"},"datePublished":"2017-07-03T07:22:02+00:00","dateModified":"2024-01-27T01:06:42+00:00","breadcrumb":{"@id":"https:\/\/soclose.mx\/blog\/lugares-de-mexico\/#breadcrumb"},"inLanguage":"es","potentialAction":[{"@type":"ReadAction","target":["https:\/\/soclose.mx\/blog\/lugares-de-mexico\/"]}]},{"@type":"BreadcrumbList","@id":"https:\/\/soclose.mx\/blog\/lugares-de-mexico\/#breadcrumb","itemListElement":[{"@type":"ListItem","position":1,"name":"Inicio","item":"https:\/\/soclose.mx\/blog\/"},{"@type":"ListItem","position":2,"name":"Lugares de M\u00e9xico"}]},{"@type":"WebSite","@id":"https:\/\/soclose.mx\/blog\/#website","url":"https:\/\/soclose.mx\/blog\/","name":"So Close","description":"Hacemos contenidos de M\u00e9xico","publisher":{"@id":"https:\/\/soclose.mx\/blog\/#organization"},"potentialAction":[{"@type":"SearchAction","target":{"@type":"EntryPoint","urlTemplate":"https:\/\/soclose.mx\/blog\/?s={search_term_string}"},"query-input":{"@type":"PropertyValueSpecification","valueRequired":true,"valueName":"search_term_string"}}],"inLanguage":"es"},{"@type":"Organization","@id":"https:\/\/soclose.mx\/blog\/#organization","name":"So Close","url":"https:\/\/soclose.mx\/blog\/","logo":{"@type":"ImageObject","inLanguage":"es","@id":"https:\/\/soclose.mx\/blog\/#\/schema\/logo\/image\/","url":"https:\/\/i0.wp.com\/soclose.mx\/blog\/wp-content\/uploads\/2020\/12\/LOGO_SOCLOSE_COLOR-e1608310133507.png?fit=2858%2C1264&ssl=1","contentUrl":"https:\/\/i0.wp.com\/soclose.mx\/blog\/wp-content\/uploads\/2020\/12\/LOGO_SOCLOSE_COLOR-e1608310133507.png?fit=2858%2C1264&ssl=1","width":2858,"height":1264,"caption":"So Close"},"image":{"@id":"https:\/\/soclose.mx\/blog\/#\/schema\/logo\/image\/"}}]}},"jetpack-related-posts":[{"id":3126,"url":"https:\/\/soclose.mx\/blog\/pueblos-magicos-de-mexico\/","url_meta":{"origin":3124,"position":0},"title":"Pueblos M\u00e1gicos de M\u00e9xico","author":"So Close","date":"3 julio, 2017","format":false,"excerpt":"Pueblos M\u00e1gicos de M\u00e9xico LugaresPueblos m\u00e1gicos Tetela de Ocampo, Puebla, el pueblo m\u00e1gico de los \u201cTres Juanes\u201d Por So Close 7 cosas que hacer en el pueblo m\u00e1gico de Huauchinango Por Miguel Angel Romero Arteaga, Coahuila: El pueblo m\u00e1gico perfecto para esquiar Por Miguel Angel Romero LugaresPueblos m\u00e1gicos Aculco, Estado\u2026","rel":"","context":"Entrada similar ","block_context":{"text":"Entrada similar ","link":""},"img":{"alt_text":"","src":"https:\/\/i0.wp.com\/img.youtube.com\/vi\/zDxocFG-o6Mhttps\/0.jpg?resize=350%2C200","width":350,"height":200},"classes":[]},{"id":6,"url":"https:\/\/soclose.mx\/blog\/soledad_home\/","url_meta":{"origin":3124,"position":1},"title":"Somos M\u00e9xico","author":"Alejandro Carranza","date":"12 octubre, 2019","format":false,"excerpt":"Historias con olor, sabor y amor a M\u00e9xico Tipos del Mezcal de M\u00e9xico: \u00a1Descubre el Elixir de los Dioses! Por So Close Los Sonideros: Patrimonio Cultural de la CDMX Por So Close El Misterioso Caso de Selene Delgado: Leyenda Urbana de la Televisi\u00f3n Mexicana Por So Close Copa Am\u00e9rica Migrante:\u2026","rel":"","context":"Entrada similar ","block_context":{"text":"Entrada similar ","link":""},"img":{"alt_text":"","src":"","width":0,"height":0},"classes":[]},{"id":3335,"url":"https:\/\/soclose.mx\/blog\/comida-mexicana\/","url_meta":{"origin":3124,"position":2},"title":"Comida mexicana","author":"So Close","date":"1 diciembre, 2017","format":false,"excerpt":"10 dulces que ya no existen\u2026\u00a1y extra\u00f1amos! Chiles mexicanos: Antes y despu\u00e9s de secarse Mito o realidad: \u00bfel chito es carne de caballo o burro? 8 piropos mexicanos muy gastron\u00f3micos \u00bfD\u00f3nde encontrar la rosca de tacos? \u00bfCu\u00e1ntos tipos de frijoles existen? Tres milenarias recetas con nopales de la cocina otom\u00ed\u2026","rel":"","context":"Entrada similar ","block_context":{"text":"Entrada similar ","link":""},"img":{"alt_text":"","src":"https:\/\/i0.wp.com\/latam-files.hostgator.com\/es\/afiliados\/creadordesitios\/970x90.png?resize=350%2C200&ssl=1","width":350,"height":200,"srcset":"https:\/\/i0.wp.com\/latam-files.hostgator.com\/es\/afiliados\/creadordesitios\/970x90.png?resize=350%2C200&ssl=1 1x, https:\/\/i0.wp.com\/latam-files.hostgator.com\/es\/afiliados\/creadordesitios\/970x90.png?resize=525%2C300&ssl=1 1.5x, https:\/\/i0.wp.com\/latam-files.hostgator.com\/es\/afiliados\/creadordesitios\/970x90.png?resize=700%2C400&ssl=1 2x, https:\/\/i0.wp.com\/latam-files.hostgator.com\/es\/afiliados\/creadordesitios\/970x90.png?resize=1050%2C600&ssl=1 3x"},"classes":[]},{"id":3305,"url":"https:\/\/soclose.mx\/blog\/tramites\/","url_meta":{"origin":3124,"position":3},"title":"TR\u00c1MITES","author":"So Close","date":"16 julio, 2017","format":false,"excerpt":"INFORMACI\u00d3N SOBRE TR\u00c1MITES Y ORIENTACI\u00d3N \u00bfC\u00f3mo votar en las elecciones 2024 de M\u00e9xico, si vivo en Estados Unidos? Como mexicanos queremos ser parte de la historia actual de nuestro pa\u00eds, contribuir con nuestro granito de arena a la cultura mexicana, incluso si es \u2026 Por Emmanuel Oviedo 1 mes Hace\u2026","rel":"","context":"Entrada similar ","block_context":{"text":"Entrada similar ","link":""},"img":{"alt_text":"","src":"","width":0,"height":0},"classes":[]},{"id":3130,"url":"https:\/\/soclose.mx\/blog\/home-masonry-2-col\/","url_meta":{"origin":3124,"position":4},"title":"So Close &#8211; Somos M\u00e9xico","author":"So Close","date":"3 julio, 2017","format":false,"excerpt":"","rel":"","context":"Entrada similar ","block_context":{"text":"Entrada similar ","link":""},"img":{"alt_text":"","src":"","width":0,"height":0},"classes":[]},{"id":3134,"url":"https:\/\/soclose.mx\/blog\/home-page-list-post\/","url_meta":{"origin":3124,"position":5},"title":"Home page list post","author":"So Close","date":"3 julio, 2017","format":false,"excerpt":"","rel":"","context":"Entrada similar ","block_context":{"text":"Entrada similar ","link":""},"img":{"alt_text":"","src":"","width":0,"height":0},"classes":[]}],"jetpack_sharing_enabled":false,"_links":{"self":[{"href":"https:\/\/soclose.mx\/blog\/wp-json\/wp\/v2\/pages\/3124","targetHints":{"allow":["GET"]}}],"collection":[{"href":"https:\/\/soclose.mx\/blog\/wp-json\/wp\/v2\/pages"}],"about":[{"href":"https:\/\/soclose.mx\/blog\/wp-json\/wp\/v2\/types\/page"}],"author":[{"embeddable":true,"href":"https:\/\/soclose.mx\/blog\/wp-json\/wp\/v2\/users\/1"}],"replies":[{"embeddable":true,"href":"https:\/\/soclose.mx\/blog\/wp-json\/wp\/v2\/comments?post=3124"}],"version-history":[{"count":3,"href":"https:\/\/soclose.mx\/blog\/wp-json\/wp\/v2\/pages\/3124\/revisions"}],"predecessor-version":[{"id":13156,"href":"https:\/\/soclose.mx\/blog\/wp-json\/wp\/v2\/pages\/3124\/revisions\/13156"}],"wp:attachment":[{"href":"https:\/\/soclose.mx\/blog\/wp-json\/wp\/v2\/media?parent=3124"}],"curies":[{"name":"wp","href":"https:\/\/api.w.org\/{rel}","templated":true}]}}